 - 5*s, 0 = -s - l. Determine m(s).
6
Let c(u) = 4*u**2 + 34*u - 26. Let i be c(-9). Let q(m) = m**2 + 7*m - 8. What is q(i)?
0
Let g(t) be the second derivative of -1/2*t**2 - 34*t + 1/2*t**3 + 0. Calculate g(3).
8
Let z = -34 + 37. Let y(s) = -z + 2*s - 45*s**2 + 44*s**2 - s + s. What is y(4)?
-11
Let z = 11 + -10. Let f be 1/(z/(-5))*(0 + 1). Let u(n) = 2*n + 6. Determine u(f).
-4
Let f(t) be the third derivative of t**6/720 + t**5/120 + 7*t**4/24 - 7*t**2. Let b(r) be the second derivative of f(r). Calculate b(3).
4
Let u(b) = -23*b + 50*b - 8*b**2 + 14*b**2 - 28*b. Give u(-2).
26
Let h(d) = 14 - 24 - 6*d - 7*d + 12*d. Give h(-14).
4
Let z(o) = 9*o - 1. Suppose -v + 20 = 4*v. Suppose v - 7 = 3*f. Give z(f).
-10
Suppose 5*l - l = -20. Let y(c) be the third derivative of -1/24*c**4 + 0*c + 1/15*c**5 + 7/6*c**3 + 15*c**2 + 2 + 1/120*c**6. Give y(l).
-13
Let q(b) = -6*b**3. Let y(t) = -t**2 + 7*t + 227. Let g be y(19). What is q(g)?
6
Suppose -241*c + 245*c - 20 = 0. Let b(o) = 9*o - 7. Let g(d) = 5*d - 4. Let l(k) = 6*b(k) - 11*g(k). Determine l(c).
-3
Let s(y) = -y - 3. Let q be s(-5). Let m(k) = 2*k - 5 + 1 + 1. Determine m(q).
1
Let b(l) = l**3 + 10*l**2 + 7*l - 13. Suppose 7*q = 2*q + w - 41, -4*q - 56 = 5*w. Let d be b(q). Let h(a) = -a - a**3 + d + 2*a - 5*a**2 - 3. Determine h(-5).
-3
Let x(c) = 4*c + 41. Let h(o) = -3*o - 33. Let v(z) = -5*h(z) - 4*x(z). Calculate v(-3).
4
Let t(u) = 8 - 35858*u**2 + 0 + 35859*u**2 - 4 + 9*u. Let y be (1 - -3)/(1/(-2)). Calculate t(y).
-4
Let r be 2/8 + 4/(-16). Let g be 3/(-4*(-3)/4). Let n(t) = -6*t + 2*t + 5*t + 23*t**3 - 24*t**3 + t**2 + g. Calculate n(r).
1
Let k be 2/(4/(-2))*0. Let w be 8/6 - 2/(-3). Let t(f) = -1 + 3*f**2 + 5 - 2*f**2 + 0*f**w. Determine t(k).
4
Let u(w) = 18 - 20 + w - 2*w + 4*w. Determine u(3).
7
Let a(w) = w**3 + 4*w**2 - 4*w. Let z be (-2)/((-4)/1)*14. Let x be 1*4/(-14) - 33/z. Give a(x).
-5
Suppose -2*q = -4*s + 14, -3*q - 15 = -3*s - 0*s. Let a be (0 - -1) + 2/s. Let j(c) = 7 + c - 2*c + a*c. Give j(-4).
3
Let z(n) be the second derivative of -n**5/20 - 7*n**4/12 + 3*n**3/2 - 9*n**2/2 + 10*n + 4. Give z(-8).
-17
Let v(d) = -25*d - 15 - 26*d**2 + 9 - 5*d**3 + 3 + 4*d**3 + 4. Determine v(-25).
1
Let m(c) be the third derivative of c**6/40 - c**5/60 + c**3/6 - 25*c**2 - 3. What is m(1)?
3
Let y(x) = -x. Let l(q) = 5*q + 1. Let f(d) = -l(d) + 3*y(d). Suppose 9*k + 140 = 4*k. Let n = k - -30. Give f(n).
-17
Suppose -2*g + 199 = -3*a - 22, 5*g = -a - 85. Let o = 70 + a. Let z(p) = p**2 + 2*p - 1. Calculate z(o).
14
Let o(y) be the third derivative of -y**8/20160 + y**7/840 + y**6/360 - 9*y**5/20 + 20*y**2. Let b(g) be the third derivative of o(g). What is b(6)?
2
Let y = 123 + -128. Suppose 0 = -4*c - 5*i - 8 - 9, 2*c = -5*i - 21. Let a(w) = -7 - 13*w + 8*w - w**c + 2. Calculate a(y).
-5
Let t(u) be the first derivative of 1/2*u**2 - 11 + 0*u. What is t(-2)?
-2
Let a(o) be the third derivative of o**6/120 + 2*o**5/15 - 5*o**4/12 - 11*o**3/6 + 2*o**2 + o. Calculate a(-9).
-2
Let f be 4/1 + 0 + 350/(-100). Let p(g) be the first derivative of -f*g**2 - 8 + 0*g. Give p(0).
0
Let u(d) = -d**2 + 14*d - 54 - 90 + 124. Calculate u(11).
13
Suppose y - m = -2*y + 19, y - 9 = m. Let b(j) = -4*j + j**3 + y*j**2 + 9*j - 3*j. Give b(-3).
12
Let m(x) = 6*x**2 + 716*x + x**3 - 3*x**3 - 714*x - 7 + 3*x**3. Calculate m(-5).
8
Let p(n) be the third derivative of n**5/60 - 13*n**4/24 - 2*n**3/3 - 111*n**2. What is p(12)?
-16
Let u(w) = -w**3 + w**2 + 16*w - 12. Let r be u(-4). Let x(k) = -k**3 + 5*k**2 - 6. What is x(r)?
10
Suppose 8 - 14 = -2*h. Let f be 4/(-10) + (-14)/(-10). Let r(q) = 3*q**2 + f - h*q**2 + q + 3*q**2 - 2*q**2. What is r(-3)?
7
Let d(m) = 3*m - 1. Let j = -34 + 45. Let i = 14 - j. Determine d(i).
8
Let m = -34 + 44. Let b(k) = -k**3 + 10*k**2 - k + 11. Determine b(m).
1
Let w(q) = -4*q**2 + 2. Let a = -914 - -916. Calculate w(a).
-14
Suppose -6*g + 4*g + 5*g = 0. Let n(z) be the first derivative of g*z + 7 - 1/2*z**2. Calculate n(4).
-4
Let y(v) = v**3 + 2*v + 2. Suppose 4*d - 24 = 4*n, -14 = 3*n - 0*n - 2*d. Calculate y(n).
-10
Let f(p) be the third derivative of 5*p**2 + 0 + 1/6*p**3 + 0*p - 1/6*p**4. Suppose 0 = -4*l + 4. Determine f(l).
-3
Let d(z) = 5*z - 1. Let j = 23 - 26. Let w(m) = m**2 + 2*m - 1. Let b be w(j). Suppose 2*x - b + 0 = 0. What is d(x)?
4
Let x(r) = -3*r - 2. Let a = 86 - 81. Let l(n) = -1 - 3*n + n + 8. Let p be l(a). Determine x(p).
7
Suppose 5*j + 24 = -6. Let k(v) = 5*v**2 + 6*v + 6. Let q(o) = -30*o**2 - 35*o - 35. Let r(g) = j*q(g) - 35*k(g). What is r(1)?
5
Let v(f) = f**2 + 11*f + 2. Let p be -11 + (3 - 7) + 4. Let s be v(p). Let h(q) = -q**3 - 2*q**2 + 3*q. Calculate h(s).
-10
Let j(z) = z**3 - 6. Let v = 19 + -19. Calculate j(v).
-6
Let p(l) = 3*l**2 + 24*l + 20. Let m be p(-7). Let z(k) = 19*k - 1. What is z(m)?
-20
Let d(l) be the third derivative of l**5/60 - 17*l**4/24 + 7*l**3/6 - 5*l**2 + 9*l. What is d(17)?
7
Let a(g) be the first derivative of -g**7/840 + g**6/120 - g**5/120 + 5*g**4/24 - 6*g**3 - 14. Let u(d) be the third derivative of a(d). Determine u(4).
-15
Let i(a) = -a**3 - 6*a**2 + a + 4. Suppose 174 = 5*u - 111. Let k = 51 - u. What is i(k)?
-2
Let x(k) = -17*k + 261. Let y be x(15). Let t(p) be the third derivative of 5/24*p**4 + p**3 - 2*p**2 + 1/10*p**5 + 0*p + 1/120*p**y + 0. Calculate t(-5).
6
Let t(x) be the second derivative of 2*x**3/3 + x**2/2 + 168*x. Determine t(2).
9
Let d(b) = 11*b + 21. Let l(h) = -h**2 + 4*h + 3. Let k be l(4). Let g(f) = 4*f + 7. Let a(u) = k*d(u) - 8*g(u). Determine a(0).
7
Let q(a) be the first derivative of -a**2/2 - 6*a - 37. Give q(9).
-15
Let i(g) = 2*g. Let v be i(-3). Let w(q) be the first derivative of -q**3/6 + 2*q**2 - 60*q - 24. Let c(h) be the first derivative of w(h). Determine c(v).
10
Suppose 5*t + 3*r = -43, r + 17 = -t - t. Let h(l) = -l**2 - 8*l - 7. Determine h(t).
-7
Let d(s) = -s + 6. Let a(b) = b + 10. Let u be a(-5). Suppose -4*f + f - 9 = 3*n, -u*f = 4*n + 15. What is d(n)?
6
Suppose 5*r + 3*a + 11 = -34, 2*r + 2*a + 14 = 0. Let d = -13 - r. Let m be 5*(-4 - d)/3. Let q(f) = f**2 + 5*f + 4. Give q(m).
4
Let o(d) be the third derivative of -d**5/60 - 13*d**4/24 - 11*d**3/2 + 5*d**2. Let t be o(-9). Let w(r) = 9*r - 3. Calculate w(t).
24
Let j(x) = 4*x**2 - 6*x + 7. Let q(l) = 11*l**2 - 17*l + 18. Let t(m) = -8*j(m) + 3*q(m). Determine t(-2).
8
Let d(b) = 191 - 15*b - 191. Let v be (-6)/(-4)*(7 + 69/(-9)). Determine d(v).
15
Let y(h) = 0*h + 5*h - 3 + 3 - 6*h + 7. Calculate y(0).
7
Let n(d) = -d**3 - 9*d**2 - 2*d + 3. Let t(i) = -14*i - 93. Let s be t(-6). Calculate n(s).
21
Let h be ((-2)/(-1) - 2)/1 - -28. Let j(i) = -h + 3 + 4*i - 3*i. Give j(0).
-25
Suppose 0 = -q - 5 + 3. Let j(y) = 3*y + 5. Let z(n) = -3*n - 4. Let t(d) = 6*j(d) + 7*z(d). Calculate t(q).
8
Suppose -11 = -p + 5. Suppose 4*g = -0*x - x - p, -3*x = -g - 4. Let n(f) = 2 - 2 - 4*f - f**2. Calculate n(g).
0
Let u(z) = -z**3 - 3*z**2 + 10*z + 2. Let w be u(-5). Let v be 4 + -1 + 5 + -9 + w. Let j(l) = 24*l**2 + 2*l - 1. Calculate j(v).
25
Let f = -22 + 31. Let a = 11 - f. Let c(u) be the second derivative of -u**3/2 + u**2 + 7*u. Determine c(a).
-4
Let p be (-5)/(2400/316) + (-2)/(-3). Let s(b) be the third derivative of -3*b**2 + 0*b + 0 - 1/24*b**4 - 1/2*b**3 - 1/15*b**5 - p*b**6. Calculate s(-3).
-9
Suppose -3*j = p - 14, 0*p - 18 = -3*j + 3*p. Let z(r) = -r**3 + 0*r**2 - 7 - r + 6*r**2 - 3*r + 0*r**2. Calculate z(j).
-2
Let l(v) = -3*v + 5. Let x(t) = 4*t - 5. Let z(b) = -7*l(b) - 6*x(b). Let h(a) = -a**2 - 4*a - 10. Let g be h(-8). Let m be (-18)/g + (-93)/21. Calculate z(m).
7
Let k be 83/((-62)/(-30) + -2). Let c(b) = k*b + b**2 - 1245*b + 3*b**3. Calculate c(-1).
-2
Let p(o) be the second derivative of -o**3 - 51*o**2/2 + 4*o + 51. Give p(-10).
9
Suppose 4*p = v + 12, 3*v - 3*p = 4*v - 2. Let i(u) be the second derivative of -u**3/6 - 5*u**2/2 + 52*u - 1. Determine i(v).
-1
Let j(m) = 7*m**3 + 2*m**2 - 1. Suppose 2*a - 2 = -3*l + 10, 5*a - 7 = 4*l. Suppose 5*q = 4*q - 3*c + l, 3*q = 4*c - 7. Give j(q).
-6
Let q(l) = -l**3 - 7*l**2 + 9*l + 3. Let s be q(-8). Let x(t) = t - 4 - 4*t - 4*t - t**2 + 0*t**2. Determine x(s).
6
Let a(p) = -p**3 + p**2 + 3*p - 2. Let c be (48/(-28) - -2)/(8/56). Give a